{"version":"1.0","provider_name":"Home made \u00e9let\u00fcnk","provider_url":"https:\/\/homemadeeletunk.cafeblog.hu","author_name":"Ancika","author_url":"https:\/\/homemadeeletunk.cafeblog.hu\/author\/huszaghanettgmail-com\/","title":"hiszti","html":"<p>J\u00f3 reggelt :) Ha az elm\u00falt hetemet egy k\u00e9ppel kellene le\u00edrnom akkor ez lenne a legjellemz\u0151bb r\u00e1m:<\/p>\r\n<p><a href=\"https:\/\/homemadeeletunk.cafeblog.hu\/files\/2015\/08\/5155f1bb63b6133b591635d6b93485e1.jpg\"><img class=\" size-medium wp-image-166 aligncenter\" src=\"https:\/\/homemadeeletunk.cafeblog.hu\/files\/2015\/08\/5155f1bb63b6133b591635d6b93485e1-200x300.jpg\" alt=\"5155f1bb63b6133b591635d6b93485e1\" width=\"200\" height=\"300\" \/><\/a><\/p>\r\n<p>&nbsp;<\/p>\r\n<p>Egy ici picit hisztis \u00e9s ny\u0171g\u00f6s voltam, \u00edgy gondoltam jobb ha nem j\u00f6v\u00f6k fel\u00e9tek, de lelkesen fot\u00f3ztam \u00e9s majd hozom az elmaradt dolgokat.<\/p>\r\n<p>A gyerekek tomboltak, a lak\u00e1s szaladt, a kedves kiidegelt, a kocsi leng\u00e9scsillap\u00edt\u00f3 rug\u00f3ja elt\u00f6rt, a ny\u00e1r elt\u0171nt, a sz\u00e1ml\u00e1k csak j\u00f6ttek meg\u00e1ll\u00edthatatlanul \u00e9s \u00e9n \u00e9reztem ahogy k\u00faszik fel sz\u00e9p lassan ez az \u00e1llapot az agyamig \u00e9s kezdett bennem fel\u00fclkerekedni a puszt\u00edt\u00e1si v\u00e1gy...<\/p>\r\n<p>Tudt\u00e1tok, hogy k\u00fclf\u00f6ld\u00f6n l\u00e9tezik olyan hely ahova ilyenkor elmehetsz, kapsz egy t\u00e1ny\u00e9rk\u00e9szletet t\u00f6rsz z\u00fazol, majd m\u00e1s sz\u00e9pen \u00f6sszetakar\u00edt ut\u00e1nad???<\/p>\r\n<p>Igaz milyen vonz\u00f3 gondolat? \u00c9n is elgondolkoztam az \u00f6tleten, hogy a n\u00e1szaj\u00e1nd\u00e9kb\u00f3l megmaradt m\u00e9g fel nem haszn\u00e1lt k\u00e1v\u00e9sk\u00e9szletet \u00fajrahasznos\u00edtom kerti j\u00e1r\u00f3lap form\u00e1j\u00e1ban,<\/p>\r\n[caption id=\"attachment_167\" align=\"aligncenter\" width=\"152\"]<a href=\"https:\/\/homemadeeletunk.cafeblog.hu\/files\/2015\/08\/3b890d296d236f75e0c22f971a0ccb78-1.jpg\"><img class=\"size-medium wp-image-167\" src=\"https:\/\/homemadeeletunk.cafeblog.hu\/files\/2015\/08\/3b890d296d236f75e0c22f971a0ccb78-1-152x300.jpg\" alt=\"http:\/\/diycraftyprojects.com\/2015\/03\/20-diy-garden-art-projects-to-do.html\" width=\"152\" height=\"300\" \/><\/a> http:\/\/diycraftyprojects.com\/2015\/03\/20-diy-garden-art-projects-to-do.html[\/caption]\r\n<p>de k\u00e9pzelj\u00e9tek el a szomsz\u00e9d fej\u00e9t, amint kil\u00e9p a kertbe fel\u00e9nk fordul \u00e9s l\u00e1tja ahogy kis balt\u00e1val t\u00f6rgelem \u00a0\u00e9pp a porcel\u00e1n cs\u00e9sz\u00e9t, persze szigor\u00faan v\u00e9d\u0151szem\u00fcvegben. H\u00e1t \u00e9n sem \u00e1lln\u00e1m meg r\u00f6h\u00f6g\u00e9s n\u00e9lk\u00fcl, majd t\u00e1rcs\u00e1zn\u00e1m a 112-\u0151t, hogy k\u00e9rem a szomsz\u00e9ddal nincs minden rendben odafent :D \u00cdgy err\u0151l a tervr\u0151l letettem...F\u0151ztem magamnak egy te\u00e1t, le\u00fcltem a k\u00e1osz k\u00f6zep\u00e9be a k\u00f6nyvecsk\u00e9mmel a kezemben \u00e9s mik\u00f6zben bomb\u00e1k csap\u00f3dtak be k\u00f6r\u00fcl\u00f6ttem \u00e9s a vil\u00e1g a feje tetej\u00e9re \u00e1llt \u00e9n elvesztem egy alternat\u00edv vil\u00e1g gondolat\u00e1ban \u00e9s mosolyogtam .......<\/p>","type":"rich"}

Home made életünk

<p>Jó reggelt :) Ha az elmúlt hetemet egy képpel kellene leírnom akkor ez lenne a legjellemzőbb rám:</p>
<p><a href="https://homemadeeletunk.cafeblog.hu/files/2015/08/5155f1bb63b6133b591635d6b93485e1.jpg"><img class=" size-medium wp-image-166 aligncenter" src="https://homemadeeletunk.cafeblog.hu/files/2015/08/5155f1bb63b6133b591635d6b93485e1-200x300.jpg" alt="5155f1bb63b6133b591635d6b93485e1" width="200" height="300" /></a></p>
<p>&nbsp;</p>
<p>Egy ici picit hisztis és nyűgös voltam, így gondoltam jobb ha nem jövök felétek, de lelkesen fotóztam és majd hozom az elmaradt dolgokat.</p>
<p>A gyerekek tomboltak, a lakás szaladt, a kedves kiidegelt, a kocsi lengéscsillapító rugója eltört, a nyár eltűnt, a számlák csak jöttek megállíthatatlanul és én éreztem ahogy kúszik fel szép lassan ez az állapot az agyamig és kezdett bennem felülkerekedni a pusztítási vágy...</p>
<p>Tudtátok, hogy külföldön létezik olyan hely ahova ilyenkor elmehetsz, kapsz egy tányérkészletet törsz zúzol, majd más szépen összetakarít utánad???</p>
<p>Igaz milyen vonzó gondolat? Én is elgondolkoztam az ötleten, hogy a nászajándékból megmaradt még fel nem használt kávéskészletet újrahasznosítom kerti járólap formájában,</p>
[caption id="attachment_167" align="aligncenter" width="152"]<a href="https://homemadeeletunk.cafeblog.hu/files/2015/08/3b890d296d236f75e0c22f971a0ccb78-1.jpg"><img class="size-medium wp-image-167" src="https://homemadeeletunk.cafeblog.hu/files/2015/08/3b890d296d236f75e0c22f971a0ccb78-1-152x300.jpg" alt="http://diycraftyprojects.com/2015/03/20-diy-garden-art-projects-to-do.html" width="152" height="300" /></a> http://diycraftyprojects.com/2015/03/20-diy-garden-art-projects-to-do.html[/caption]
<p>de képzeljétek el a szomszéd fejét, amint kilép a kertbe felénk fordul és látja ahogy kis baltával törgelem  épp a porcelán csészét, persze szigorúan védőszemüvegben. Hát én sem állnám meg röhögés nélkül, majd tárcsáznám a 112-őt, hogy kérem a szomszéddal nincs minden rendben odafent :D Így erről a tervről letettem...Főztem magamnak egy teát, leültem a káosz közepébe a könyvecskémmel a kezemben és miközben bombák csapódtak be körülöttem és a világ a feje tetejére állt én elvesztem egy alternatív világ gondolatában és mosolyogtam .......</p>
